- 4?
-b31
In base 3, what is 2 - 11212?
-11210
In base 15, what is -1 - -1?
0
In base 9, what is 346 + -4?
342
In base 13, what is 4 + -252?
-24b
In base 3, what is 12 - -10100?
10112
In base 4, what is -2 - -101?
33
In base 13, what is -ca0 - -6?
-c97
In base 7, what is 6 - -136?
145
In base 12, what is 4 - bb?
-b7
In base 12, what is -a - 433?
-441
In base 2, what is 1100101110 + 10?
1100110000
In base 6, what is -35 - 15?
-54
In base 13, what is -1 + 22?
21
In base 9, what is 1 + -342?
-341
In base 8, what is 1124 - 13?
1111
In base 7, what is -425 + -3?
-431
In base 7, what is 3 + 23?
26
In base 2, what is -1100 - 101?
-10001
In base 16, what is 0 + 19?
19
In base 6, what is -14340 + 3?
-14333
In base 9, what is 10 + -145?
-135
In base 12, what is -4 - -333?
32b
In base 12, what is 4039 + -1?
4038
In base 2, what is 0 + -101?
-101
In base 11, what is 83 + -97?
-14
In base 8, what is -16 - -31?
13
In base 9, what is 40 - -5?
45
In base 12, what is 3 + 87?
8a
In base 13, what is b - -27c?
28a
In base 15, what is -7 - -11cd?
11c6
In base 8, what is -5 - 36?
-43
In base 3, what is -120 - 200?
-1020
In base 6, what is 13 - 13?
0
In base 12, what is -1b4 + 4?
-1b0
In base 8, what is -3105 - -5?
-3100
In base 13, what is -101 + -1?
-102
In base 12, what is 1b - -3?
22
In base 7, what is 1141 - 6?
1132
In base 16, what is -5437 - 2?
-5439
In base 16, what is -d + -9?
-16
In base 16, what is 0 - 2e?
-2e
In base 11, what is -4 - -25?
21
In base 9, what is -44 + -6?
-51
In base 13, what is -324c - 2?
-3251
In base 14, what is b99 + 1?
b9a
In base 15, what is -18 - 3?
-1b
In base 10, what is 793 + 2?
795
In base 15, what is d + 3a9?
3b7
In base 14, what is 44 - 14?
30
In base 10, what is 316 - -4?
320
In base 2, what is 10111100 - -10?
10111110
In base 5, what is -1 + 40424?
40423
In base 3, what is -2200 - 12?
-2212
In base 7, what is 360 + -12?
345
In base 12, what is -5 + -749?
-752
In base 5, what is -4 + -40?
-44
In base 2, what is 111001 - -110?
111111
In base 16, what is -2a - -1?
-29
In base 15, what is 14795 - 0?
14795
In base 8, what is -7 - 766?
-775
In base 11, what is 5 + -5?
0
In base 4, what is -1022 - 132?
-1220
In base 7, what is -212 - -146?
-33
In base 15, what is -3 + -4e3?
-4e6
In base 8, what is -20 - 32?
-52
In base 8, what is 2 + 201?
203
In base 15, what is -3 + 3c?
39
In base 15, what is 4 + -98?
-94
In base 5, what is -2 - 22?
-24
In base 6, what is -12 + -103?
-115
In base 10, what is -10 + 22?
12
In base 2, what is 11 + -10101000100?
-10101000001
In base 6, what is 14 + -14?
0
In base 2, what is 100101 - 100?
100001
In base 16, what is ff - -18?
117
In base 10, what is 354 - -2?
356
In base 7, what is -4 + -160?
-164
In base 4, what is 301 + 101?
1002
In base 2, what is 100011110 + 111?
100100101
In base 16, what is -11 - -d9?
c8
In base 6, what is -4 + 204?
200
In base 11, what is 2 - 30?
-29
In base 5, what is -13430 + -2?
-13432
In base 6, what is 25 + 132?
201
In base 6, what is 1421 + 10?
1431
In base 9, what is -273 + 0?
-273
In base 12, what is 121 - 3?
11a
In base 11, what is 6 - 0?
6
In base 13, what is -4068 + 3?
-4065
In base 14, what is -11 - 826?
-837
In base 4, what is 2101 + 3?
2110
In base 13, what is 3c1 + -1b?
3a3
In base 14, what is 9b + -2?
99
In base 13, what is -1a0 - -2?
-19b
In base 4, what is 233230 + -1?
233223
In base 9, what is 7 - 6?
1
In base 3, what is 220 - 0?
220
In base 7, what is -4 - 6105?
-6112
In base 12, what is 85 - 1?
84
In base 13, what is 992b - -4?
9932
In base 12, what is a - 552?
-544
In base 9, what is -42 - -36?
-5
In base 14, what is 16 + -bc?
-a6
In base 16, what is 3f - 1?
3e
In base 8, what is -1173 - -42?
-1131
In base 4, what is 12 + 31102?
31120
In base 13, what is 15bb + 0?
15bb
In base 8, what is 12 + 30?
42
In base 7, what is -40155 - 3?
-40161
In base 3, what is -121 + 212120?
211222
In base 7, what is -566 + -4?
-603
In base 2, what is 1010 + 11100110?
11110000
In base 5, what is 10 - 1012?
-1002
In base 7, what is 215 + -4?
211
In base 3, what is 1020220 - 1001?
1012212
In base 10, what is -3 + 951?
948
In base 3, what is 100 - -100121?
100221
In base 12, what is 2555 + 4?
2559
In base 4, what is 0 - -1000?
1000
In base 12, what is 37 - 3?
34
In base 16, what is 35 + -1?
34
In base 9, what is 47 + 3?
51
In base 4, what is -20 + -123?
-203
In base 3, what is 10 + 1120?
1200
In base 11, what is -12 - 20?
-32
In base 12, what is 551 - 4?
549
In base 5, what is -20 + 4234?
4214
In base 13, what is cb - -1?
cc
In base 16, what is 106 - 43?
c3
In base 4, what is -11 + 100?
23
In base 9, what is -24 + 13?
-11
In base 16, what is 2 - -c9?
cb
In base 12, what is -10 - -136?
126
In base 6, what is -1234 - -11?
-1223
In base 7, what is 6 + -23?
-14
In base 7, what is 43 + 3?
46
In base 16, what is 13ad - -5?
13b2
In base 13, what is 25a + -7?
253
In base 13, what is 2 + -632?
-630
In base 11, what is 41 - -4?
45
In base 10, what is 55 + -21?
34
In base 15, what is 1 + -577?
-576
In base 15, what is -1b + -384?
-3a0
In base 10, what is 1 - 84?
-83
In base 16, what is -c05 + 0?
-c05
In base 5, what is -3100 - 14?
-3114
In base 15, what is -6b + 5?
-66
In base 14, what is -31 - -1?
-30
In base 6, what is -305 + -4?
-313
In base 3, what is 210 + 222?
1202
In base 14, what is 1 - 1c7?
-1c6
In base 2, what is -111100000 + -11?
-111100011
In base 5, what is -10000 - 10?
-10010
In base 14, what is 1 + -11b?
-11a
In base 8, what is -71 - 131?
-222
In base 4, what is -1213 + 1?
-1212
In base 2, what is -10111010111011 + -1?
-10111010111100
In base 16, what is -8a - -2?
-88
In base 6, what is 221 - 2?
215
In base 5, what is 11344 + -3?
11341
In base 16, what is -12d - -2?
-12b
In base 8, what is 0 + 130?
130
In base 11, what is -1 - 35a?
-360
In base 7, what is 25633 - 4?
25626
In base 2, what is -11 - -101101?
101010
In base 8, what is 23 + 11?
34
In base 15, what is -608 - -3?
-605
In base 7, what is -3 + 165?
162
In base 15, what is -34 - -5?
-2e
In base 4, what is 1 - -2100?
2101
In base 15, what is 4 - -30?
34
In base 12, what is -15 - 7?
-20
In base 14, what is -4 + -b44?
-b48
In base 13, what is 444 - -3?
447
In base 7, what is -30 + 100?
40
In base 5, what is -13040 - 1?
-13041
In base 16, what is -4c + -2?
-4e
In base 2, what is 110100 - 111100?
-1000
In base 11, what is 57 + 65?
111
In base 14, what is -4 - -255?
251
In base 12, what is 85a1 - -1?
85a2
In base 8, what is 233 + 20?
253
In base 13, what is -3 + -11?
-14
In base 11, what is -4 - 399?
-3a2
In base 15, what is c29 - 5?
c24
In base 15, what is -14e0 - -4?
-14db
In base 12, what is -29 + -1?
-2a
In base 9, what is -3 - 44?
-47
In base 14, what is -18 + 37?
1d
In base 11, what is 972 + -1?
971
In base 8, what is 14463 + 4?
14467
In base 3, what is -11012 + 10?
-11002
In base 14, what is -4 - -149?
145
In base 10, what is -23 + 1?
-22
In base 8, what is 1 - -2206?
2207
In base 7, what is -15 - 5?
-23
In base 16, what is -239 + 0?
-239
In base 12, what is 1017 + -3?
1014
In base 5, what is -10 + 4214?
4204
In base 9, what is -2615 - 5?
-2621
In base 7, what is 311 - 0?
311
In base 13, what is 10 - -12?
22
In base 8, what is 205 + -11?
174
In base 10, what is -52 - 4?
-56
In base 7, what is -3 + 162?
156
In base 16, what is -23 + 0?
-23
In base 7, what is 2 + -40?
-35
In base 8, what is -3 + -136?
-141
In base 2, what is -1010000 + 1010?
-1000110
In base 12, what is -1 + -255?
-256
In base 5, what is -3 - 10042?
-10100
In base 16, what is -1 - -31?
30
In base 8, what is -11 - 631?
-642
In base 16, what is -3 - -42?
3f
In base 12, what is 684 - 27?
659
In base 8, what is 1057 - -26?
1105
In base 14, what is 4 - -243?
247
In base 11, what is 313 - 4?
30a
In base 6, what is -10 - 35?
-45
In base 9, what is 257 - -3?
261
In base 11, what is -4 - 1635?
-1639
In base 16, what is 4 - 2c?
-28
In base 13, what is -289 + 4?
-285
In base 13, what is -1a - -4a?
30
In base 11, what is 7802 - 4?
77a9
In base 11, what is 1329 + -2?
1327
In base 9, what is 2780 - 4?
2775
In base 16, what is -a - -49a?
490
In base 5, what is -314214 + 0?
-314214
In base 5, what is 1303 + 144?
2002
In base 5, what is 2010 - -3?
2013
In base 13, what is 108 - a?
cb
In base 10, what is -16 - 678?
-694
In base 12, what is 1b - -b?
2a
In base 2, what i